, -4*l + 3*i = -180034. Is l a composite number?
False
Let w(d) = 113170*d - 1023. Is w(7) composite?
True
Suppose 0 = 20*j - 8*j. Suppose j = -8*k + 17*k - 16155. Is k a composite number?
True
Let p = 133 + -2673. Let a = -1741 - p. Is a prime?
False
Let d be (2 - 27)*((-278)/10 + -5). Suppose -154 + d = 6*f. Let a = f - -932. Is a prime?
False
Let i = -5107 + 108690. Is i prime?
True
Let f = -40 + 41. Suppose -x - f = 2*w + 4*x, w - 7 = 5*x. Suppose -w*o - g + 160 = 14, g + 209 = 3*o. Is o a composite number?
False
Let u = -75 + 77. Suppose 2*q = 4, -3*v = u*v - 2*q + 4. Suppose -p + 5*w + 177 = 0, 5*p + 4*w - 8*w - 927 = v. Is p a prime number?
False
Suppose 7*g = -k + 3*g - 3, 5*g + 5 = -k. Is 908 - (k - (0 + 4)) a composite number?
False
Suppose 4*q = -5*a - 8, -2*q - q = -4*a + 6. Let f(z) = z**2 + 5*z + 3. Let t be f(a). Suppose t*b + 6665 = 3*o + 494, 5*o - 10291 = 2*b. Is o prime?
False
Let k = 237 + -26. Let r(a) = a**3 - 9*a**2 + 13*a + 3. Let g be r(7). Is (k/g)/((-12)/48) a prime number?
True
Let n(y) = -y**3 + 16*y**2 - 15*y + 9. Let x be n(15). Suppose -2*a = 4*i - 2942, x*i = 3*a + 14*i - 4413. Is a prime?
True
Let k be (4/10)/(8*8/640). Suppose 3*b + 2*q = k*q + 46, 3*b = -5*q + 11. Suppose b*t - 19811 = t. Is t composite?
False
Let d(u) = 249*u**3 + 15*u**2 - 10*u + 11. Let y(q) = 125*q**3 + 7*q**2 - 5*q + 5. Let l(c) = -2*d(c) + 5*y(c). Is l(4) a composite number?
False
Suppose -o + 2*b = 0, -14 = -3*o - 4*b + 3*b. Suppose 4*k = 4*t + 5408, 4*k - o*t - 5412 = t. Let f = -837 + k. Is f prime?
False
Let a = -33 + 37. Suppose -a*j = -22 + 10. Suppose 0 = -p + j*p - 794. Is p a composite number?
False
Suppose -s = s - 4. Let p = -160 - -169. Suppose h + s = p. Is h a composite number?
False
Suppose 2*c - 15785 = -5*m, 2*c - 300 = -m + 2857. Suppose 20*y = -11*y + 46562. Let f = m - y. Is f a prime number?
False
Suppose -5*r = 2*p - 124641, -34*p + 32*p + 124686 = -4*r. Is p a prime number?
False
Let h be ((-2)/(-10))/((-3)/15). Let w be 0 + 1 + (1 - 2)/h. Suppose p + 3*b + 2*b = 277, 5*b - 534 = -w*p. Is p a prime number?
True
Is (-1621784)/(-518) + (-1)/(-7) composite?
True
Let k(q) = 227*q - 3. Let d be 46/(-10) + (-2)/5. Let u be k(d). Let t = u - -2289. Is t composite?
False
Suppose -4*n = 7*n - 44. Suppose -3*q - q + 12901 = w, -12871 = -n*q + 5*w. Suppose -j = 5*i - q, -5*i = -14 - 11. Is j prime?
False
Let t(x) = -x**2 - 2*x + 15. Let f be -1*(12/3 - 4). Let s be t(f). Is 7986/10 + (-2)/s*-3 a prime number?
False
Let c(n) = -n**3 + 8*n**2 - 7*n + 7. Let w be c(7). Suppose -9*d = -w*d. Suppose -3*t + t + 314 = d. Is t composite?
False
Let j(z) = -2*z**3 - 15*z**2 - 2*z - 10. Let o be j(-11). Suppose -y - 3*c - 4 = 0, 0*c = -y + c + 12. Suppose -y*b + o = -829. Is b composite?
False
Let v(a) = 7*a**2 + 3*a - 20. Let q be v(-6). Let s be 4/(-6)*3 - 31. Let d = s + q. Is d a prime number?
True
Let k be 8*(1 - 15/20). Suppose 12 = 4*v - 4*d, d + k - 17 = -5*v. Suppose f = m - v*m + 2248, 9012 = 4*f + 4*m. Is f composite?
True
Let a(o) = -o**3 + 62*o**2 + 2*o - 422. Is a(57) composite?
False
Is -8*((-113102513)/(-136))/(-43) a composite number?
False
Let b = -119 + 131. Suppose 4*d + 5*x - 7403 = 0, b*d - 16*d + 5*x = -7373. Is d prime?
True
Suppose 3*x = 8*x + 2*k - 15514, 5*x - 2*k = 15506. Let j = 17 + -14. Suppose -3*z + x = j*z. Is z composite?
True
Let t(n) = -28016*n + 467. Is t(-7) a prime number?
True
Let f = -76943 - -261097. Is f composite?
True
Let p(w) = 9*w**2 - 1151*w - 11. Is p(-38) composite?
True
Suppose -115*w + 28320767 = -56*w. Is w a composite number?
False
Suppose 2082317 = -2246*y + 2299*y. Is y prime?
False
Suppose -6*j + 16 = -3*t - 7*j, -5*t = 3*j + 32. Is 65025/17 + 1*t a prime number?
True
Let a(x) = -161*x - 25. Let r be (375/10 - -2)*-2. Let m = r - -73. Is a(m) composite?
False
Suppose 2*n - 2*t + 5 = -5*t, -2*t = -6. Is n/((-7)/(-49094))*(-9)/18 a composite number?
False
Let r(j) = -j**3 + 6*j**2 + 7*j + 13. Let p be r(7). Suppose -26882 = p*a - 7733. Let n = -490 - a. Is n prime?
True
Let m(j) = j**3 + 21*j**2 - 18*j + 12. Let t(p) = -18*p + 2. Let a be t(1). Let b be m(a). Is (1 + -2)/((-4)/b) composite?
True
Let a(z) = z**2 + 7*z + 9151 - 10*z - 8*z. Is a(0) a prime number?
True
Let m(v) = 10350*v**3 + 37*v**2 - 9. Is m(2) composite?
False
Let l = -268 - -273. Suppose 24054 = -l*h + 11*h. Is h composite?
True
Suppose -9*i + 4*i - 165941 = -6*i. Is i a composite number?
False
Let p(m) be the second derivative of 27*m**5/10 - 11*m**4/12 - 5*m**3/6 + 17*m**2/2 - 207*m. Is p(8) a prime number?
True
Let w = -113 - -116. Suppose -4*r = -s + 337, -w*s + 2*r + 956 = r. Is s a composite number?
False
Let g be (1 - 2)*(0 - 3). Suppose 5 = 2*o + r - 3, g*r = -5*o + 21. Suppose 5*v = v - 4*b + 1792, -o*v - b + 1342 = 0. Is v prime?
False
Suppose 12 + 6 = 4*p + 5*z, -2*p + 2 = -z. Suppose -p*i = a + 2*a - 9, 0 = -5*i. Is a + (-1 - 0) - -485 a prime number?
True
Is -35 + 24 + 658049 + 10 + -5 a prime number?
True
Let i(b) = -66*b - 36. Let h be i(-10). Suppose -4*m + 630 = 5*o - 3*o, 4*m = 4*o + h. Is m prime?
True
Suppose 0 + 36 = 3*x. Suppose -x - 18 = -6*z. Suppose -z*j + 22223 = 1278. Is j a prime number?
False
Let q = 10808 + 4693. Is q a composite number?
True
Is 256 - (-98)/(-28)*-2 a composite number?
False
Let d(a) = 2991*a - 2534. Is d(11) a composite number?
False
Let g(u) = 1255*u**3 - 18*u**2 - 19*u - 23. Is g(9) a composite number?
True
Let f = -12138 - -2778. Let h = f - -17873. Is h composite?
False
Let v(t) = -328*t**3 + 8*t**2 + 166*t**3 - 8 + 70 + 161*t**3 + 9*t + 5*t**2. Is v(12) prime?
False
Let m be 4/(-6) - ((-2104)/24 + 5). Let p = 211 + m. Is p a composite number?
False
Let r(y) be the first derivative of -22 - 14/3*y**3 + 0*y**2 - 15*y + 1/2*y**4. Is r(11) prime?
True
Suppose 29*p - 424768 = 4010289. Is p a prime number?
False
Suppose 65*x = 2119925 + 864977 + 9943143. Is x a prime number?
False
Let w(q) = 476*q**2 + 47*q + 221. Is w(-4) composite?
False
Suppose -7*u + 24 = -3*u. Let n be u*(3 - -1)/8 - 1. Suppose -1899 = -11*t + n*t. Is t a prime number?
True
Let s(b) = -2*b**3 + 29*b**2 - 14*b. Let o be s(14). Suppose 3*q = i - 85, 3*i - q + 3*q - 277 = o. Is i prime?
False
Let p(w) = 117*w**2 + 5*w + 19 + 334*w**2 - 19*w + 154*w**2. Is p(2) composite?
False
Let b(o) = 17832*o**2 + 5*o - 9. Is b(4) a composite number?
True
Let o = 173 - 157. Let m(d) = 282*d - 119. Is m(o) a prime number?
False
Suppose -25 = -4*j + 215. Let o = -46 + j. Suppose o*d = 12*d + 314. Is d composite?
False
Suppose 5*p = 5*c - 184255, 4*c + 4*p - 147404 = 6*p. Suppose 0 = 3*t + 2*t - 4*h - c, 3*t - 4*h = 22117. Is t composite?
True
Let x(b) be the second derivative of 257*b**4/6 - 11*b**3/6 - 27*b**2/2 + 66*b. Is x(-2) composite?
True
Let z = 58960 - 4811. Is z composite?
True
Let r = -85 - -97. Let w = -9 + r. Is w/2*8380/30 prime?
True
Let c(h) = -418 + 864 + 586*h - 423. Is c(11) composite?
False
Let n be 31771 - (-3 - (12 + -8)). Suppose 0 = -45*p + 177967 + n. Is p prime?
False
Let c(p) be the third derivative of -85*p**4/24 + p**3 - 21*p**2 - p. Let z(m) = -m**2 + 2*m + 3. Let b be z(4). Is c(b) a composite number?
False
Suppose u - n = 23, -n - 91 = -5*u - 4*n. Suppose a = -3*a - u. Let k(q) = 19*q**2 + 3*q - 11. Is k(a) a prime number?
True
Suppose x - 504 = -2*x. Let p be -73 - (0/8 + 6). Let a = x + p. Is a a composite number?
False
Suppose -1 - 1 = -y. Let b be 175/140 - (-6)/8. Suppose 3466 = y*o + z, z + 8687 = 5*o - b*z. Is o a prime number?
False
Suppose 0 = -10*r + 11*r - 45. Is 2237/4*(-41 + r) prime?
True
Is (4 - (-44 + 2657))*(2 - 17 - 2) composite?
True
Suppose -8*v - 4708 = -12*v. Let z = 832 - v. Let j = 638 + z. Is j prime?
True
Suppose 23*s - 275 = 12*s. Suppose -1616 = 2*u + 5*n - 9283, -5*n = -s. Is u a composite number?
False
Let i = 19 - 9. Suppose -6*u + 12496 = i*u. Is u a composite number?
True
Is 1515112/10 + (4/50)/((-26)/65) a prime number?
False
Suppose 10329211 + 15080106 = 109*k. Is k prime?
True
Suppose 0 = -3*r + 2*r + 5*q - 15, q - 3 = -5*r. Suppose 4*u + 111 - 15579 = r. Suppose 2*g - 1938 = -5*i + i, i = 4*g - u. Is g prime?
True
Let b(o) = 140*o**2 + 23*o - 7. Let w(u) = 83*u**2 + 13*u - 3. Let f(h) = 3*b(h) - 5*w(h). Let z = -12 + 29. Is f(z) a composite